en k is divided by (12/10)/(6/40)?
5
Let a = -14057 - -14350. Calculate the remainder when a is divided by 156.
137
Let h(u) = -u**3 - 7*u**2 - 3*u - 16. Let z be h(-7). Let f be ((4 - -3) + -136)*(1 - z). Suppose 5*t - 74 = f. What is the remainder when t is divided by 24?
22
Let r(d) = -d**3 + 6*d**2 + 2*d + 4. Let x(a) = a**2 - 4*a + 5. Let v be x(4). Let w = -186 + 263. What is the remainder when w is divided by r(v)?
38
Suppose -1275*l + 1314*l = 28977. Calculate the remainder when l is divided by 240.
23
Let d = -202 + 589. Suppose -636 = -5*o + 2*k, 9*o - 3*k - d = 6*o. Calculate the remainder when o is divided by 22.
16
Suppose 0 = -4*p + 6*p - 42. Suppose 0 = -2*h + 7*v + 249, h - v - 116 = -6*v. What is the remainder when h is divided by p?
16
Let p(f) be the first derivative of -5*f**4/4 + 2*f**3/3 + f**2/2 - 2*f - 1. What is the remainder when p(-2) is divided by (0 - 10) + 1092/(16 + 26)?
12
Let k(g) = 26*g**3 - 2*g**2 + 2. Let d = 35 - 37. Let p be (-6 - -6) + (4/(-2))/d. Calculate the remainder when 73 is divided by k(p).
21
Let u = 1004 + -896. Suppose 4*w - 52*y = -53*y + u, 0 = 5*y. Calculate the remainder when w is divided by 6.
3
Suppose -3*j - j - 1760 = -5*m, 15 = -3*j. Let a = m + -214. Calculate the remainder when a is divided by (-7 + 183/30)*-6*(-5)/(-3).
8
Let r = 62974 - 62967. Suppose 0 = -2*x - i + 28, -5*x - i + 64 + 9 = 0. What is the remainder when x is divided by r?
1
Suppose -142*s + 23*s = -103550 + 32626. What is the remainder when s is divided by 74?
4
Let c = -7054 + 8003. Calculate the remainder when c is divided by 94.
9
Let c(d) = d**3 - d**2 + 6*d + 5. What is the remainder when (9/6)/((-3)/(-194)) is divided by c(0)?
2
Suppose -114*p + 0*p = 23*p - 7535. Calculate the remainder when 160 is divided by p.
50
Let d(c) = -2*c + 52. Let x be d(26). Suppose 14*w - 53 + 11 = x. What is the remainder when (12/(-6))/((-2)/16) is divided by w?
1
Suppose -226*a + 210 = -220*a. Suppose 3*o = -r + 21, -4*r - 3*o - a = -128. Calculate the remainder when 81 is divided by r.
9
Suppose 0 = -2*p - 3*b + 51, 5*p - 137 = -b + 3*b. What is the remainder when -5 + p/((-7)/(-7)) is divided by 5?
2
Suppose -23*x + 180 = -18*x. Suppose 0 = -32*c + x*c - 32. Calculate the remainder when 85 is divided by c.
5
Let s(d) = d**3 - 2*d**2 + 2*d - 4. What is the remainder when (5/2)/(-26*(-115)/88504) is divided by s(3)?
8
Suppose 5*j = 9 - 109. Let r = j + 61. Suppose p = w + 125, 59*w + 15 = 54*w. Calculate the remainder when p is divided by r.
40
Suppose -2*k = -113 + 43. Let y = -11 + 20. What is the remainder when k is divided by 17*(-1 + 2) + (12 - y)?
15
Suppose 0 = 5*h + r - 157, 3*h = -23*r + 19*r + 67. Suppose -3*n = 9 - 27. Let z = n - -59. Calculate the remainder when z is divided by h.
32
Let j = 5166 + -5035. What is the remainder when 913 is divided by j?
127
Let y = -1828 - -3035. What is the remainder when y is divided by 90?
37
Let o(m) = -6*m - 93. Let k be o(13). Let x = k + 263. Calculate the remainder when x is divided by 32.
28
Let s(p) = 39*p**2 + p + 1. Let o = -139 + 260. Calculate the remainder when o is divided by s(1).
39
Let y = 2706 + -2606. Calculate the remainder when y is divided by 18.
10
Let i(x) = 30*x + 333. Suppose 20*w + 46 = -154. What is the remainder when 130 is divided by i(w)?
31
Let j = 1125 - 277. Let u = -592 + j. What is the remainder when 63 is divided by (4 - u/20)*(-5)/2?
19
Let u(s) = -6*s**2 - 175*s - 153. Calculate the remainder when 379 is divided by u(-28).
35
Let k = 45121 + -45000. What is the remainder when 1244 is divided by k?
34
Suppose 0 = -4*v + 6*h - 2*h - 20, 12 = 3*h. Let z(c) = 41*c**2 - 3*c - 4. Calculate the remainder when z(v) is divided by 2 + 1 + 5 + 6.
12
Let z = 83 - 55. Let r = 159 + -75. Let p = r - 1. Calculate the remainder when p is divided by z.
27
Suppose j = -5*b + 74, 2*b - j - 16 = 8. Suppose 6*h = b + 4. Calculate the remainder when 4 is divided by h.
1
What is the remainder when 27886 is divided by 14/(4*(-140)/(-320))?
6
Let x = -4230 + 4275. Calculate the remainder when 99 is divided by x.
9
Let g(q) = -728*q + 5838. Let v(k) = k**3 - k**2 - 3*k + 3. Let d be ((-8)/10)/(1/(-5)). What is the remainder when v(d) is divided by g(8)?
11
Let g be 5 + (-1 - 5) + 10/2. Let d(u) = u**3 - 3*u**2 + 5*u - 1. Calculate the remainder when d(g) is divided by 19.
16
Let b be (-12)/18*12/8. Let k(y) = -20*y**3 - 2*y - 1. What is the remainder when 58 is divided by k(b)?
16
Let q = -79 - -63. Let a = q - -56. Suppose 0 = 4*i - a - 28. Calculate the remainder when 44 is divided by i.
10
Let g(t) = t**3 + 12*t**2 + 14*t + 1. Suppose -187*w = -184*w + 30. Suppose 3*v - 64 = -v. Calculate the remainder when g(w) is divided by v.
13
Let i(k) = -17*k + 845. What is the remainder when 1141 is divided by i(46)?
7
Let h(b) = 3*b - 3*b + 2*b + 253 - 2*b**2 + b**2. Let x be h(0). Suppose x = 4*u - 155. Calculate the remainder when u is divided by 15.
12
Suppose -2*c - 61 = -3*n, -7*c + 8*c + 41 = 2*n. Calculate the remainder when 97 is divided by n.
13
Suppose -30*z + 78981 = 21*z - 53874. What is the remainder when z is divided by 97?
83
Let f = 64 + -102. Let h be 674/3 - (f/6 + 5). Let x = -79 + h. What is the remainder when x is divided by 30?
27
Suppose -8*m + 3*m + 4096 = -4*c, 4*m + 16 = 0. Let n = c + 1530. What is the remainder when n is divided by 7?
4
Suppose -43*x = -36*x + 525. Let j = -60 - x. What is the remainder when 51 is divided by j?
6
Let v(c) = 4*c**3 - 3*c**2 + 1. What is the remainder when (-609474)/(-10362) + (-64)/132 + 4/6 is divided by v(2)?
17
Suppose -8*t - 116 + 156 = 0. Let u = t + 17. Calculate the remainder when 37 is divided by u.
15
Suppose -2*z = 0, d + 36 = 3*d + 5*z. Suppose 2*q = -16*n + 29*n - 31, 3*n = -2*q + 17. What is the remainder when d is divided by n?
0
Suppose 129 + 41 = 5*s. Let p be (102/(-4))/((-2)/(-4)). Let r = 70 + p. Calculate the remainder when s is divided by r.
15
Suppose 10*o - 6*o + 24 = 0. Let l be (-34)/o - -2*(-4)/(-24). Suppose l*p + 11 = 23. Calculate the remainder when p is divided by 2.
0
Suppose 56*k + 2409 = 3*i + 51*k, 5*i = -5*k + 4095. What is the remainder when i is divided by 160?
13
Suppose 6196*w - 6170*w - 4706 = 0. Calculate the remainder when w is divided by 101.
80
Let a be (-1)/(-3 + 946/316). Let o(k) = -5*k**2 - 45*k + 27. Let l be o(-11). Let q = a + l. Calculate the remainder when q is divided by 11.
9
Suppose -8*y + 35 = 5*k - 3*y, 0 = 2*k + 3*y - 17. Suppose w = -k*w. Calculate the remainder when 24 - -3 - (w + 2) is divided by 9.
7
Let r be (-174)/232 - 1/4. Let n(a) = -73*a - 36. What is the remainder when n(r) is divided by 33?
4
Let n(h) = 222*h + 901. What is the remainder when 4822 is divided by n(-4)?
12
Let k(t) = 2*t**3 - 7*t**2 + 6*t + 3. Let p be k(4). Let s = -46 + p. What is the remainder when 15 is divided by (0 - -2)/(s + 16/5)?
5
Let d = -41 - -57. Let u(n) = -2*n**3 - 24*n**2 - 8*n - 6. Let a be u(-10). Let z = -247 - a. Calculate the remainder when z is divided by d.
15
Suppose 431*m - 576 = -4*k + 435*m, 3*k + m - 432 = 0. What is the remainder when k is divided by 83?
61
Let t(b) = -b + 5. Suppose 0*q + q + 4*g - 19 = 0, -4*q - 2*g + 62 = 0. What is the remainder when q/30*(0 - 2) - -28 is divided by t(-5)?
7
Let h = -1319 - -1334. Suppose -105 = -4*i - n - 15, 0 = -3*i + 4*n + 77. Calculate the remainder when i is divided by h.
8
Let u be (-9)/((-45)/20) - 0. Suppose -568 = -2*y - t, -u*y - 4*t = -1123 - 21. Suppose -5*s - 67 = -y. What is the remainder when s is divided by 22?
21
Let c(d) = 77*d**2 - 3*d + 2. Let t = 106 + -105. What is the remainder when c(t) is divided by (1 - 7)*((-35)/15 - 1)?
16
Suppose 4*t - 3*u + 7*u = 1036, 0 = t + 5*u - 243. What is the remainder when t is divided by (-8)/36*2394/(-28)?
16
Let c(v) = -2*v**2 + 21*v + 35. Let h be c(13). What is the remainder when 120 is divided by (55/(-33))/(2/h)?
20
Let a = 137 - -43. Let c = a + -179. What is the remainder when 2 is divided by c?
0
Let c(x) = -8*x + 6. Let o(m) = 34*m - 24. Let u(q) = 26*c(q) + 6*o(q). What is the remainder when u(-30) is divided by 20?
12
Let h(g) = -g**2 - 3*g + 6. Let b be (-3 + (-39)/(-9))*(-6)/4. What is the remainder when 38 is divided by h(b)?
6
Suppose -8